hat is the tens digit of i?
1
Suppose 0 = 42*h - 49*h + 4564. What is the hundreds digit of h?
6
Let f(v) be the first derivative of -8 + 1/2*v**2 + 45*v - 1/4*v**4 + 0*v**3. What is the units digit of f(0)?
5
Suppose 0*p - 4*p = -76. Suppose 0*q + p = 2*b - q, -4*b + 37 = -3*q. Suppose 15*g - 175 = b*g. What is the units digit of g?
5
Let q = 2 - 1. Let p be 34 + 11 - q/(-1). Suppose 3*z = -z + 3*n + p, -22 = -2*z + 2*n. What is the tens digit of z?
1
Let l = -466 - -628. What is the units digit of l?
2
Let g(s) be the second derivative of s**4/12 - 2*s**3 + 3*s**2/2 - 3*s. Let d be g(12). Suppose 4*f = -d + 103. What is the units digit of f?
5
Suppose -3*m + 3*c = -7710 - 198, -4*m + 10550 = 2*c. What is the hundreds digit of m?
6
Suppose -2*q - 10 = 2. Let l(y) = y**3 + 4*y**2 + y - 4. Let a be l(-4). What is the units digit of q/4*a/6?
2
Suppose 19*g - 7798 = -2*i + 17*g, -3*g = 2*i - 7803. What is the tens digit of i?
9
Let g = 5597 - 1778. What is the units digit of g?
9
Let x be (-60)/(-4) - (-8)/4. Let y = 29 - x. What is the tens digit of y?
1
Let t = -9 + 13. Suppose 3*n + u - 10 = 0, n + 4*u = -0 - t. Suppose 2*a + 5*i = 7, n*i = 2 - 14. What is the tens digit of a?
1
Let f(a) = -a**3 - 3 + 4*a**2 + 4*a + 9 + 6. What is the units digit of f(5)?
7
Suppose f - 3*z = -294 + 121, -4*z = 20. Let u = f - -67. Let i = u + 178. What is the units digit of i?
7
Let r = 15 - 0. Let i = -8 + r. Suppose 4*s - 95 = 5*h, 3*h = i*h + 12. What is the units digit of s?
0
Suppose -j = 208 - 750. What is the hundreds digit of j?
5
Let h be ((-6)/10)/((-11)/55). Let w = h + 7. Let a = w - 5. What is the units digit of a?
5
Suppose 0 = 2*g + 4*u - 68, 3*g = g + 2*u + 98. Let k = 110 - g. What is the units digit of k?
6
Suppose 3*c = -2*c - 0*c. Suppose -3*z + 2*t + 41 + 84 = c, -4*t + 155 = 3*z. What is the tens digit of z?
4
Suppose -5*r - 12 = 3*p + 13, -26 = 4*p + 3*r. What is the units digit of 5 - (-53 + p + 3)?
0
Let s(j) = -3*j**2 - j - 4. Let r(d) = 2*d**2 + d + 3. Let q(p) = -4*r(p) - 3*s(p). Let t be q(0). Suppose t = -5*a + 34 + 46. What is the units digit of a?
6
Suppose 1 = -3*g - 14, g - 1 = 2*a. Let x(k) = 6*k**2 - 4*k - 3. What is the units digit of x(a)?
3
Let j be 2 + ((-9)/15 - 8/(-5)). Suppose -j*m = 4*h - 628, -h + 213 - 51 = 2*m. What is the hundreds digit of h?
1
Let p(l) = l**3 + 5*l**2 + 4*l + 5. Let t be p(-4). Suppose 2*d - 15 = t*w, 2*w = 4*w + 3*d + 6. Let c(a) = -2*a**3 + 2*a + 3. What is the units digit of c(w)?
1
Suppose 17*h + 47 = 18*h. Suppose 0 = n - h - 96. What is the hundreds digit of n?
1
Let h = -1633 + 4125. What is the thousands digit of h?
2
Let a = 884 + -573. Suppose 2*i - 4*w - 622 = 0, -i - 7*w + a = -11*w. What is the units digit of i?
1
Suppose 6*w = 4116 + 5886. What is the tens digit of w?
6
Suppose -20 = -v - 4*v. Let k be 12/42*7 - 3*-6. Let z = v + k. What is the units digit of z?
4
Suppose 2*d - 60 = 2*l, 0*d = 3*d - 12. Let f = l + 17. What is the tens digit of 13*f*(-2)/6?
3
Suppose -4*q + 3*c = -6, -2*q + 14 = 5*c - c. Let n(g) = 2*g**3 - g + 2. What is the tens digit of n(q)?
5
Suppose -5*v = -5*d - 15, -12 = -5*d + 2*d. Suppose -2*i = 5*h - 16 - 14, v = -2*h + 3*i. What is the units digit of (-2)/h - 1937/(-26)?
4
Suppose -4*b + p - 4 = 12, 0 = -4*b - p - 8. What is the tens digit of b/(15/(-1234)) + 1/5?
4
Let a(z) = -3*z - 2. Let n be a(-1). Let l be -13*1*(n + 0). What is the units digit of ((-54)/(-4))/(l/(-26))?
7
Let v(s) be the first derivative of 4*s**3/3 + s**2 + 14. Let j(b) = 2*b**2 + 3*b. Let n be j(-2). What is the units digit of v(n)?
0
Let w be (8/(-10))/(10/25). Let g be (1 - -1)*(927/6 + -2). What is the units digit of g/10 + w/(-4)?
1
What is the tens digit of -8 + 9 + (2*2547 - -3)?
9
Let u(m) be the first derivative of 3*m**4 + 2*m**3/3 - 3*m**2/2 + 3*m - 13. What is the tens digit of u(2)?
0
Suppose -25 = 5*s, 3*u - 2*s - 1018 = 4317. What is the thousands digit of u?
1
Suppose 2*n - 3*n + 11 = 0. Suppose 2*i - 21 = -2*y + 5, 0 = -y + i + n. Suppose 5*o + 2 = y. What is the units digit of o?
2
Let t(j) = -9*j**2 - 11*j - 9. Let z(p) = -8*p**2 - 10*p - 8. Let c(y) = 6*t(y) - 7*z(y). Let h be c(-4). Suppose -h = -x + 3. What is the tens digit of x?
2
Let p = -44 + 17. Let i = 30 + p. What is the units digit of 2 - (i + 3 + -6)?
2
Let w = -12 - -17. Suppose w*i = -i. Let u = i + 17. What is the units digit of u?
7
Suppose b + 7 = 3. Let r(c) be the first derivative of -11*c**2/2 - 219. What is the units digit of r(b)?
4
Let c(g) = -g**3 + g**2 - 1. Let t be c(-1). Let k be ((-18)/4)/(t/(-2)). Suppose -1 = -o + k. What is the units digit of o?
0
Let y(f) = -f**3 - 10*f**2 - 11. Let i be y(-11). Suppose 10*s = 8*s + i. What is the units digit of s?
5
What is the hundreds digit of -8 - -2 - 1296/(-8)?
1
What is the thousands digit of -1622*(152/(-16) - -8)?
2
Let a be 93/2 - 4/8. Suppose 23 + a = z. What is the units digit of z?
9
Let u = 15 - 12. Let g be 69/u + -1 + 2. What is the units digit of ((-20)/8)/((-10)/g)?
6
Suppose 0 = 4*u - 13*u + 171. Suppose 18*m + 27 = u*m. What is the tens digit of m?
2
Suppose -16*x = -11*x - 1030. What is the hundreds digit of x?
2
Suppose -s + 60 = 4*s. Suppose -z = 5*z - s. Suppose 5*j + 7 = -z*d + 50, -16 = -2*j - 2*d. What is the units digit of j?
9
Let g = 16 - 13. Suppose -l + 2*l + 20 = -4*p, -g*p - 15 = -5*l. Suppose 4*d - 28 = -3*a, l = -4*d - 5*a - 4 + 24. What is the units digit of d?
0
Let v = 14 + 21. What is the units digit of 2408/v + 1/5?
9
What is the hundreds digit of (1 - -784)/1*16/40?
3
Suppose -5*u = -2*w + 55, 2*u + 3*w + 1 = -2. Let t = 58 - u. What is the units digit of t?
7
Suppose -13*u - 8 = -17*u. Suppose -u*r = -16 + 6. Suppose 24 = 3*i + 4*b, -7 - 56 = -r*i + b. What is the tens digit of i?
1
Let v(o) = 2*o + 25. Let p(j) = 3*j**2 + 20*j + 1. Let z be p(-7). What is the tens digit of v(z)?
4
Let b(h) = -6*h**3 - 3*h**2 + 2*h + 4. Let s(k) = -k**3 - k**2 + 1. Let n(i) = -b(i) + 3*s(i). Let o = 5 + -3. What is the units digit of n(o)?
9
What is the tens digit of (-2284)/6*105/(-70)?
7
Let h be (-1 - 41/(-1))*1. Suppose 4*g - 52 = -4*r, 2*g - h = -4*r + r. Suppose 4*i + 3*a - 125 = 0, -3*i + 4*i - 5*a - r = 0. What is the tens digit of i?
2
Let i be (-1)/(3/333*-3). Let q = 70 + i. What is the tens digit of q?
0
Let s be (-75)/(-20) + (-1)/(-4). Let m be 4 + s/12*3. Suppose -3*r + m = q + 4*q, -4*q - 50 = -3*r. What is the units digit of r?
0
Suppose -2*m - 509 = -6*x + 5*x, -x - 4*m = -485. What is the tens digit of x?
0
Let n = -1343 + 1356. Let t(a) = a**3 - 9*a**2 - 2*a**2 + 3 + 18*a - 3*a**2. What is the units digit of t(n)?
8
Suppose 3*t + 133 = 40. Let i be ((t + -1)/(-4))/1. What is the tens digit of (-112 - i)*(-4)/10?
4
Let x(k) = 110*k**3 - k**2 + 36*k - 103. What is the hundreds digit of x(3)?
9
Let w(i) = 6*i**2 + 24*i - 11. What is the hundreds digit of w(5)?
2
Suppose 0 = 8*d - 5 - 3. What is the units digit of -2 - (0 + d)*-22?
0
Suppose 3*r = 0, 3 = c + 4*r + 1. Suppose c = -k + 80. What is the units digit of k?
8
What is the thousands digit of 5/(340/(-8)) - (-168161)/119?
1
Let t(b) = -b**3 - 7*b**2 - 63*b - 14. What is the units digit of t(-10)?
6
What is the hundreds digit of ((-1224)/2)/((-12 - -3) + 8)?
6
Suppose 0*f - 2*f - 8 = 0. What is the units digit of ((-4)/f)/((-1)/(-7))?
7
Let d(f) = -28*f**3 - 2*f**2 - f + 4. What is the units digit of d(-2)?
2
Suppose -w + 3*p = -70, 0*w - 3*w + 200 = -4*p. Suppose 0 = 4*f + 16, 0*d = 5*d + 4*f + 6. What is the units digit of 8/d + (w - 1)?
7
Let z(f) = -f**3 + 14*f**2 - 11*f - 11. Let k be z(13). Let l be 12/20 + 3291/k. Suppose 3*q = -2*q + l. What is the units digit of q?
4
Let c(s) = 6*s + s**2 + 3 + 0*s**2 + 0*s**2. What is the units digit of c(-6)?
3
Let k be -1 + (-47 - (-3)/1). Let g be ((-20)/6)/(6/k). Suppose 0 = 2*a - g - 23. What is the tens digit of a?
2
Let q(h) = 36*h**2 + 11*h + 12. Let i(x) = 35*x**2 + 12*x + 13. Let l(y) = 5*i(y) - 6*q(y). Let r be l(-2). Let m = -101 - r. What is the tens digit of m?
5
Let f(o) = 3*o**2 - 4 - 3*o + o**2 - o**3 + 2 - o**2. Let k be f(4). What is the tens digit of (2 - 0)/(-2)*k?
3
What is the units digit of ((-17)/(561/(-5654)))/((-4)/(-18))?
1
Let m = -325 + 158. Let p = -54 - m. What is the 